Calculate -6 - (-1 + -1 - (4 + -4)).
-4
Calculate 11 - (-5 + 1) - 6 - 5.
4
Calculate 6 + (4 - (1 - (5 - 8))).
6
What is the value of (-1 - (-2 + 0)) + 3?
4
What is (44 - 37 - (12 - 0)) + -5?
-10
What is the value of (-3 - 0 - -18) + -1 + -6?
8
-15 + 15 + -2 + 14 - 6
6
What is the value of 2 - (-7 + -9 + 7)?
11
What is 9 - (2 - -16) - -17?
8
-14 + 15 + -3 + 3
1
0 + (-6 - -5) + 6 + -2
3
What is (-2 + 0 - (-12 + 9)) + 5?
6
Calculate 0 - (4 + (-1 - -2) + 0).
-5
Calculate 9 + (-6 - -4) + -1.
6
-2 - (-3 - (-1 + 5)) - 5
0
Calculate (48 - 53) + 6 + 1.
2
What is -1 + -2 + -3 - -3?
-3
(-1 - 0) + (3 - 4 - -3)
1
What is the value of -4 - -7 - (0 + (-2 - -5))?
0
Calculate 0 + -3 + (0 - -6) - 2.
1
Calculate -2 - (0 - -2) - 0.
-4
Evaluate 9 + (1 + -4 - -3).
9
What is 5 + -17 - -2 - -12?
2
What is 0 + 12 + -5 - 2?
5
(-11 - -11 - -1) + -7
-6
What is (-6 - -1) + -7 + 12?
0
What is the value of -12 + 11 + 3 - 10?
-8
Calculate -4 + 1 - (15 - 22 - 0).
4
What is -13 - (-40 + 19) - (-1 + 0)?
9
What is the value of 0 - 0 - (7 + -12 + -5)?
10
Evaluate 0 + -1 - (30 + -35).
4
0 - -1 - (0 - 0)
1
What is the value of (-1 + -1 - -4) + -3 + 5?
4
Calculate -34 - -40 - (-9 + 1) - 7.
7
Calculate 7 - 1 - (-47 + 52).
1
What is the value of -10 + 3 + -25 + 37?
5
5 + -4 + (-1 - -2) - 2
0
Evaluate 1 + 8 + -14 + 11.
6
Evaluate 1 + -1 + (0 - (-5 + 5)).
0
Evaluate 10 + -6 - (5 + -6).
5
Calculate -1 + -2 + (-15 - -17).
-1
What is 12 + -10 + (-2 - -1)?
1
Evaluate (-18 - (-20 + 6)) + 3.
-1
Calculate -4 + (3 - 1) + 4 + -4.
-2
What is the value of 1 - (0 - (-1 - -2))?
2
Calculate -1 + -5 - (-3 - (1 + -3)).
-5
Calculate (-8 - -11) + -1 - (1 + 3).
-2
What is the value of (20 - 15) + (-1 - (1 + 0))?
3
What is -5 - 1 - (-19 - -12)?
1
What is (3 - (4 + 4 + -2)) + -1?
-4
Evaluate 3 + 1 - (26 - 19).
-3
Evaluate -5 - (1 + -9 - -5).
-2
Evaluate -16 + 1 - -10 - (0 - 7).
2
Calculate -22 - (-14 + (1 - -1)).
-10
(4 + 0 - 3 - 3) + 2
0
What is 3 + (-1 + 3 - 8) - -4?
1
Evaluate -1 - (-5 + (5 - -3) - 2).
-2
1 + -7 + 4 - (-3 - 0)
1
Evaluate -2 - (2 - (2 + 0)).
-2
What is the value of -3 + (7 - (7 - 4))?
1
What is (-2 + -1 - (-17 + 9)) + 0?
5
What is -10 - -7 - 1 - (2 - 4)?
-2
Calculate 2 + 3 + -10 + 4.
-1
What is (-2 - -6) + -9 + 7?
2
What is the value of (0 - -2) + (-5 - (-1 - 6))?
4
(-4 - (-4 + 3)) + 7
4
Calculate 1 + (-8 - (-6 + 5)) + -4.
-10
What is the value of 2 + (-1 - -3) + 1 + 0?
5
What is the value of -3 - 1 - -3 - (2 - -2)?
-5
What is the value of 2 + -9 + 5 - (0 + 8)?
-10
What is 1 - -11 - (-143 - -150)?
5
-11 + 6 + 3 + -1
-3
What is 29 + -27 + -4 + 1?
-1
Calculate -12 + 12 - (0 + -2 + -2).
4
Calculate 9 + (7 - 19) + 5.
2
Calculate 1 - -1 - (-1 + (2 - 2)).
3
What is -3 - ((-6 - -5 - -4) + -7)?
1
What is the value of (0 - 0 - -2) + (247 - 251)?
-2
Calculate -1 - -3 - (-11 + -3 + 11).
5
-4 - 1 - (-17 + 14)
-2
What is the value of (-4 - 4 - -2) + 2?
-4
(-2 - -10 - 4) + -14 + 4
-6
What is the value of 2 + -2 + 2 + -5 + 1?
-2
Evaluate (0 - (3 + -4)) + 0.
1
What is 16 + -13 + -5 + 1 + 0?
-1
What is the value of -1 + (-14 - -8) + 8?
1
What is the value of (11 + -17 - 2) + (5 - 1)?
-4
What is the value of (6 - 4) + -4 + 3 + 1?
2
Calculate -6 + 4 - (3 - 12 - -5).
2
-2 + -1 + -2 + 2
-3
0 + 3 + -3 + (-1 - -3)
2
What is (-1 - -4 - (-13 + 20)) + 6?
2
Evaluate -7 - -5 - (-4 - -4).
-2
What is the value of (1 - 1) + 0 + (0 - 4)?
-4
2 - 4 - -9 - 3
4
What is the value of 24 + -23 - (0 + 0)?
1
6 + (9 - 10) - (1 + -1)
5
What is the value of -2 - -1 - (63 + -58)?
-6
16 - (22 + -11) - 7
-2
Evaluate (4 + 6 - 3) + -3 + -3.
1
Evaluate -8 + 5 + -3 + 5.
-1
What is 5 + -8 + (-1 - -1) + 1?
-2
What is the value of -8 + 1 + 4 + 2?
-1
Evaluate -1 + 0 + 2 + 2.
3
What is (3 - 3 - 1) + -4 + 0?
-5
Calculate 6 + -14 + 6 - -8.
6
Evaluate -5 + (0 - 1 - -2).
-4
What is -4 - (14 - (26 + -10))?
-2
What is the value of (7 - 6) + 0 + 3 - -5?
9
What is (2 - 3) + -4 + (24 - 14)?
5
Calculate 3 - 3 - (-5 - -5).
0
-11 + -4 - (-7 - -5) - -6
-7
Calculate 7 + -18 - (3 + -8).
-6
Evaluate (11 - 12) + (4 - 2) + -1.
0
Calculate -8 + 4 + 5 - (1 - -2).
-2
-1 - (3 + -9) - 2
3
What is the value of -7 - ((4 + -2 - 9) + 5)?
-5
What is -2 + -4 - 0 - (-6 - -3)?
-3
-25 - -29 - (4 + 0)
0
Calculate 2 + 5 + (2 + -2 - 8).
-1
What is the value of (-2 + 0 - (12 - 12)) + 2?
0
Evaluate -16 - (7 - 14) - -8.
-1
(6 - 4) + 2 + -8
-4
What is -4 - (-2 + 2 + -7 + 4)?
-1
What is the value of -2 + 13 + 5 + (4 - 12)?
8
Calculate -5 + 1 - (10 + -13).
-1
-1 + 8 - (-8 + 12)
3
What is -4 - (-6 + 1 - 0)?
1
Evaluate -4 + (-11 - -9) + 3.
-3
Calculate 6 + (5 - (8 - 1)).
4
Evaluate -4 - (-1 - (-1 - 0) - -4).
-8
Calculate (0 - -1 - -3) + 1 - 3.
2
What is the value of 0 + -3 - (-5 + -3 - -4)?
1
Evaluate (-6 - -5 - -2) + -5 + 14.
10
1 + 18 + -14 + 1 + -7
-1
What is -1 - -5 - (9 - (-14 - -26))?
7
Evaluate (5 - 1) + 1 + -5 + 0.
0
Evaluate 2 - 2 - (-7 + 14 + -3).
-4
What is the value of (3 - 7) + (8 - (1 - 2))?
5
What is the value of 0 + (12 + -9 - (-1 + 0))?
4
What is the value of (16 + -7 - (3 - -2)) + -6?
-2
What is the value of 17 + -19 + 0 + -6 + 3?
-5
What is the value of -2 + (-7 + 5 - 0)?
-4
What is -1 + 0 + 40 + -45 - -5?
-1
2 + (4 + -5 + 3 - 7)
-3
Calculate -2 - (4 - 22 - -9).
7
Calculate -5 + (-4 - (-1 + -2)) - -3.
-3
Evaluate (2 - 3) + (-1 - (0 - 0)).
-2
Calculate 12 + (-9 - 8) + 7.
2
Evaluate -11 - (2 + 3 - 8).
-8
Evaluate (-3 + 0 - -3) + -2.
-2
What is the value of 1 - (5 - 6) - -1?
3
Calculate 4 + -9 + 6 + 1.
2
What is 0 + (2 - 2) - -2?
2
Evaluate -4 - (2 - -5 - 10).
-1
Evaluate (11 - 19) + 1 - -11.
4
What is the value of 0 + (-12 - -5 - -5)?
-2
What is -2 + 0 + 6 + -7 + -1?
-4
What is the value of 1 + 4 - (-2 + -14 - -29)?
-8
(3 - 8) + (2 + 6 - 2)
1
What is the value of 16 - (-6 + 16) - 6?
0
Calculate -22 - -19 - (1 - 9).
5
What is (-3 - (-8 - -10)) + 3 + 2?
0
-6 - -2 - (-2 - 7)
5
Calculate -7 - (-1 + -13 - 3).
10
What is (7 - 2) + 2 + -3 + 1?
5
Evaluate -2 + (-3 - 5 - -6).
-4
1 + 7 - (-11 - (-14 - 1))
4
What is -5 - (-6 - (1 + 6))?
8
What is (3 - -1 - (3 + 0)) + 2?
3
(0 - 2) + (3 - (-2 + 6))
-3
(12 - (4 + -5)) + -7
6
What is the value of -4 + -6 + 15 - 4?
1
What is (2 - -1 - 5) + 0?
-2
What is the value of -5 - (4 - (-1 + 11))?
1
What is 2 - 9 - (27 + -13 + -17)?
-4
6 + (-13 - -2) + 6 + 0
1
Calculate (-6 + 7 - 4) + -1 + 9.
5
What is (3 - 0 - 3) + 5 + -11?
-6
What is (-1 - 5) + (-16 - -14)?
-8
Evaluate 0 - -2 - (3 - 8 - -6).
1
Evaluate -1 + -2 + 7 + -12.
-8
Evaluate -4 + (-5 - ((-4 - 0) + 0)).
-5
Calculate (12 - 2) + (-5 - 0).
5
What is the value of -43 + 46 - (0 + -1 - -1)?
3
What is 2 + (-6 - -4) + -3 + 6?
3
Evaluate -4 - (-3 + (-7 + 4 - -8)).
-6
Calculate (2 - (2 + -2)) + -3 - -2.
1
Evaluate 13 - (-1 - 0 - (35 - 42)).
7
8 + -5 + 4 - 2 - 2
3
Evaluate -50 + 75 + -14 + 0.
11
What is the value of 4 + (4 - 5) + -10?
-7
Evaluate 2 - (1 - 1) - -2.
4
(-1 - 6) + 1 + 2
-4
Evaluate (20 + -15 - (1 - -10)) + 3.
-3
7 + -21 + 13 - (2 + 3)
-6
(-3 - -3) + (2 - (9 + -3))
-4
2 + (-3 - 0) + -3
-4
Calculate -8 - (-13 + 3 + 3).
-1
What is -5 + 3 - (-7 + -5)?
10
What is the value of 4 - (-4 - -16) - -8?
0
Calculate (7 - 6) + -1 - (-2 - -6).
-4
Calculate -9 + -1 + -3 + 8.
-5
What is 0 + -2 - (2 + -4)?
0
Evaluate 20 + -16 - (7 + -1 + 2).
-4
Calculate -4 + (-8 - -10) - -2.
0
(1 - -2) + (-7 - -1) + 3
0
What is (1 - (-2 - -2)) + -2?
-1
Calculate (-10 - -15) + -2 + 4 + -1.
6
What is the value of (-3 - -7) + (6 + -12 - 4)?
-6
What is the value of (14 - 10 - 3) + (0 - 3)?
-2
Evaluate -20 + -4 + 11 + -2 + 8.
-7
Calculate -4 - (3 - (3 - 0)) - 1.
-5
What is the value of 4 - ((-1 - 1) + 1)?
5
What is -5 + (7 - (-2 - 4))?
8
Evaluate -3 - (-1 + 4 - 6 - 0).
0
What is (-3 - -3) + 4 + (-1 - 5)?
-2
What is the value of (-8 - (0 - 4)) + (0 - 3)?
-7
Evaluate -23 + 26 + 0 + -6 - -2.
-1
Evaluate -11 - -15 - (3 + 2 + -1).
0
2 + (-3 - -3) + -6
-4
Calculate 12 - 12 - 0 - (5 + 0).
-5
What is -12 + 11 - (-1 + 1) - 4?
-5
(6 - (6 - 7)) + -11
-4
Evaluate 2 + (-5 - 2) + (-1 - -3).
-3
Calculate 10 + 9 + -15 + -5.
-1
Calculate 0 - -13 - (-4 - -11).
6
(-1 - 1) + 3 + 3
4
What is the value of (55 - 58) + (0 - 2)?
-5
Evaluate (12 - 8) + 2 - (1 - 1).
6
3 - (0 + 7 + -2 + -4)
2
What is 7 - 1 - (10 + -1 + -4)?
1
0 + -2 + (6 - 3)
1
1 + 0 + 7 + -4
4
Calculate -4 + 8 - (-8 - -13) - -2.
1
Calculate (-9 - -5) + 12 + -9.
-1
-2 + 3 + (5 